0240?
-220234
In base 9, what is -2013 + 62?
-1841
In base 9, what is -78136 - 28?
-78165
In base 9, what is -1303328 - -3?
-1303325
In base 10, what is 27 - 74809?
-74782
In base 2, what is -1 - -10001000010110001000?
10001000010110000111
In base 2, what is 1000001001 - 1011000?
110110001
In base 7, what is -416 - -224?
-162
In base 8, what is -1 - 15613?
-15614
In base 15, what is a - -6179c?
617a7
In base 2, what is 110111011100101 - -11?
110111011101000
In base 10, what is 1014062 - 5?
1014057
In base 2, what is -101110010101010100111 + 11?
-101110010101010100100
In base 11, what is 70a43a + 0?
70a43a
In base 7, what is -1240 + 3342?
2102
In base 11, what is -394603 + -2?
-394605
In base 10, what is -160 + -2255?
-2415
In base 13, what is 11599 + -1?
11598
In base 10, what is 1 - -383013?
383014
In base 8, what is -15 - -1375?
1360
In base 11, what is 1149 + -4?
1145
In base 11, what is -796 - -8?
-789
In base 15, what is -1855 + 1bb?
-1689
In base 9, what is 1126 - -400?
1526
In base 11, what is 72581 - -1?
72582
In base 11, what is -40a80 + 0?
-40a80
In base 12, what is -62 + 430?
38a
In base 2, what is -1110011011001 - -11011001?
-1110000000000
In base 9, what is 1 - -2038628?
2038630
In base 8, what is -477015 - 4?
-477021
In base 12, what is -1b3b32 - 1?
-1b3b33
In base 13, what is -652 + -980?
-1302
In base 4, what is -102012103 - -3?
-102012100
In base 15, what is -75e - -1b?
-743
In base 4, what is 330230003 + -3?
330230000
In base 12, what is -3823 + 0?
-3823
In base 3, what is 1121022202 + 2?
1121022211
In base 14, what is -1143 + 31d?
-c24
In base 2, what is -10001111001010 + 10000?
-10001110111010
In base 15, what is 2b3 - -380?
643
In base 11, what is -1118 - -577?
-651
In base 14, what is -219a35 + 4?
-219a31
In base 14, what is 16 - -23490?
234a6
In base 3, what is -2 + 200011112012?
200011112010
In base 6, what is 1210 + 104?
1314
In base 2, what is 11 + -1011001?
-1010110
In base 10, what is 2 - -358227?
358229
In base 13, what is 4 + -b53?
-b4c
In base 3, what is 10100 + -2212?
111
In base 12, what is -8a8 + -64?
-950
In base 8, what is -635 + 306?
-327
In base 8, what is 323 - 151?
152
In base 13, what is 5 + 92559?
92561
In base 8, what is -3 + -214673?
-214676
In base 12, what is 75 + -3a?
37
In base 7, what is -1221 + -1525?
-3046
In base 12, what is -162b - 7b3?
-2222
In base 10, what is -8506 - 30?
-8536
In base 12, what is -45b6 + 3b?
-4577
In base 14, what is 6d49 + 2?
6d4b
In base 12, what is 50 - 129?
-99
In base 10, what is 0 + -31776?
-31776
In base 9, what is -1 - 1313742?
-1313743
In base 13, what is 26 + -5400?
-53a7
In base 6, what is -245 + 50?
-155
In base 11, what is -2 - 3273a?
-32741
In base 12, what is -a4a5 - 20?
-a505
In base 16, what is 82d + 46?
873
In base 4, what is -1 + -31312?
-31313
In base 3, what is -10202 + -111200?
-122102
In base 8, what is 1246 + 1065?
2333
In base 15, what is 3 - -ebb65?
ebb68
In base 14, what is 8c6 + 7?
8cd
In base 16, what is -18 - 33b?
-353
In base 16, what is 0 - -a314?
a314
In base 13, what is -1a08 + -22?
-1a2a
In base 16, what is -25e + 5?
-259
In base 7, what is -2035343 + -3?
-2035346
In base 11, what is 4 + 7034a?
70353
In base 11, what is 208 - 16549?
-16341
In base 9, what is -2 + 3276?
3274
In base 2, what is -1100011 - 100010000?
-101110011
In base 9, what is 1 - 25304?
-25303
In base 2, what is -10110011 - 100110011?
-111100110
In base 12, what is -1 - -3720?
371b
In base 13, what is 387492 - 0?
387492
In base 2, what is 1 + -10100110111011011?
-10100110111011010
In base 11, what is -6 - -24157?
24151
In base 15, what is 34d63 + -3?
34d60
In base 15, what is -76 - 2e17?
-2e8d
In base 11, what is -13368 + 166?
-13202
In base 15, what is -552d6e + 3?
-552d6b
In base 12, what is 5055 - -6?
505b
In base 14, what is -6 + -10608?
-10610
In base 16, what is -4 + 1691?
168d
In base 10, what is 5 - -96517?
96522
In base 9, what is 5 + 156824?
156830
In base 6, what is 4 - 20250113?
-20250105
In base 16, what is -cee - e?
-cfc
In base 10, what is 37186 + 0?
37186
In base 5, what is -111212423 - 3?
-111212431
In base 8, what is 10 - 2407221?
-2407211
In base 3, what is 212011011 + 0?
212011011
In base 16, what is -1 + 32e5?
32e4
In base 4, what is -10130130110 + -2?
-10130130112
In base 12, what is 3b20a8 - -5?
3b20b1
In base 8, what is -133 + -1767?
-2122
In base 6, what is -2 + 5222414?
5222412
In base 4, what is -11 + 3302032201?
3302032130
In base 5, what is -12 - 30102434?
-30103001
In base 8, what is 10214412 + 3?
10214415
In base 2, what is -11000 - 1101011111110?
-1101100010110
In base 2, what is -111010111 + 101001101101?
100010010110
In base 7, what is -211345 + -4?
-211352
In base 9, what is -34 + -107537?
-107572
In base 11, what is -3 - -9484?
9481
In base 10, what is 5 - -186466?
186471
In base 5, what is 2411200 - 3?
2411142
In base 8, what is -205 + 1643?
1436
In base 7, what is -4 - 21461?
-21465
In base 12, what is b5 - -4945?
4a3a
In base 4, what is -1130 + 301023?
233233
In base 8, what is 15 - -23376?
23413
In base 4, what is 1010 - -331332?
333002
In base 14, what is -31289 - -5?
-31284
In base 10, what is 16 - -43627?
43643
In base 15, what is 419 + 11?
42a
In base 11, what is -136536 + -5?
-136540
In base 16, what is 1b83e - 24?
1b81a
In base 7, what is -30425 + -2?
-30430
In base 4, what is -11313323 - -11?
-11313312
In base 16, what is -3 - 2c02?
-2c05
In base 7, what is 426 - -526?
1255
In base 3, what is 12101110 - -1102?
12102212
In base 2, what is -10 + -1001001011101?
-1001001011111
In base 5, what is -1022 + 113444?
112422
In base 9, what is -845380 + -12?
-845402
In base 14, what is -31 - 38ac?
-38dd
In base 16, what is 1c - b0d3?
-b0b7
In base 16, what is 2e + 29c?
2ca
In base 4, what is -23111 - 32020?
-121131
In base 6, what is 11421 + -1215?
10202
In base 11, what is -a2 + 86?
-17
In base 6, what is 1514 - 305?
1205
In base 11, what is -14a33a - 2?
-14a341
In base 12, what is -40 + 703a?
6bba
In base 15, what is a + 5aa21?
5aa2b
In base 4, what is 0 - 301221?
-301221
In base 2, what is -1 - -111100001011?
111100001010
In base 7, what is 4 - -1035015?
1035022
In base 4, what is -200103233 - 11?
-200103310
In base 7, what is -102116 + -2?
-102121
In base 10, what is -457 + 1749?
1292
In base 3, what is -1201001010210 - 0?
-1201001010210
In base 3, what is -12 + -22111121?
-22111210
In base 12, what is 220a36 + -4?
220a32
In base 12, what is 5 + 10995?
1099a
In base 14, what is -3b + -2890?
-28cb
In base 5, what is -142230 + -341?
-143121
In base 8, what is 36103 - 7?
36074
In base 5, what is 100310302 - 10?
100310242
In base 11, what is -814 + -555?
-1269
In base 2, what is -1001010 + -1100001?
-10101011
In base 14, what is 7 + 41a2?
41a9
In base 11, what is -1989 - -5?
-1984
In base 8, what is 4 - -30417?
30423
In base 6, what is 32 - -102545?
103021
In base 2, what is 11010110111111101 - -1?
11010110111111110
In base 2, what is 11111 + 100011101011101?
100011101111100
In base 14, what is -b + 3a51?
3a44
In base 7, what is 114 + -2043?
-1626
In base 6, what is 14000425 - 4?
14000421
In base 4, what is 13 - 131033212?
-131033133
In base 8, what is 25 + 1113?
1140
In base 15, what is -673 - -25?
-64d
In base 4, what is 11030 + 212?
11302
In base 14, what is -3 - -a237?
a234
In base 16, what is bed + 25?
c12
In base 8, what is -133542 + -3?
-133545
In base 12, what is -3b - -157?
118
In base 13, what is 8 + -4a10?
-4a05
In base 12, what is 2a5 + 437?
720
In base 11, what is -933 + 7a2?
-141
In base 4, what is -101 - 213000213?
-213000320
In base 6, what is 0 + 105212?
105212
In base 3, what is -100021 - -21?
-100000
In base 8, what is 1667 + -5?
1662
In base 15, what is -a + c0d?
c03
In base 4, what is -1332230 - 113?
-1333003
In base 16, what is 1 + 113?
114
In base 2, what is -10101 + -111010110000001101?
-111010110000100010
In base 9, what is -5 - 3150?
-3155
In base 11, what is -50877 + 5?
-50872
In base 16, what is b + 35dbf?
35dca
In base 10, what is -9387 - 10?
-9397
In base 9, what is -16 + -376782?
-376808
In base 4, what is 2 + -1013311001?
-1013310333
In base 9, what is 1 - -4114?
4115
In base 11, what is 55848 - -2?
5584a
In base 5, what is 1112211 - 1?
1112210
In base 15, what is 53 - 4d8?
-485
In base 14, what i